mainder when p is divided by 18?
11
Let m = -2 - -4. Let o = 46 + -44. Calculate the remainder when o is divided by m.
0
Suppose 5*g - 125 = -20. Suppose -5*w = -5*z + 40, 3*w = 2*z - 0*z - 23. Let p = w + g. Calculate the remainder when 26 is divided by p.
12
Let w be (-9)/(-4)*2*2. What is the remainder when ((-12)/w)/((-3)/108) is divided by 17?
14
Let k be 62/8 - 1/(-4). Let f be (-6)/(-4)*k/6. Suppose f*b - 3 = 3. What is the remainder when 7 is divided by b?
1
Suppose 5*k + 13 - 11 = y, 5*y - k = 34. Let p = 15 + -10. Calculate the remainder when y is divided by p.
2
Let a(o) = 3*o**2 + 2. Let q be a(-2). Calculate the remainder when 19 is divided by (q/4 + -3)*14.
5
Let a = -24 - -52. Calculate the remainder when a is divided by 17.
11
Let z(i) = i**3 + 14*i**2 + 13*i + 14. What is the remainder when 53 is divided by z(-13)?
11
Suppose 2*h - 14 = -y, -13 = -4*h - y + 17. Calculate the remainder when 29 is divided by h.
5
Suppose a + 4*a = 0. Let t = 10 + a. What is the remainder when 28 is divided by t?
8
Let p = 28 + -13. Suppose -4*c = c + p. What is the remainder when c*(-2 - (-14)/(-3)) is divided by 11?
9
Let j = -33 - -90. What is the remainder when j is divided by 15?
12
Suppose k = 5 + 4. Let i be (8/(-5))/(1/(-5)). Suppose -f = -i - 8. Calculate the remainder when f is divided by k.
7
Suppose 0*h + u - 19 = -h, 2*u = -5*h + 83. Let o = 2 - 0. Suppose o*n = n + 43. Calculate the remainder when n is divided by h.
13
Let l = 35 - 18. Let z be (-3 + 3)/(-2*1). Calculate the remainder when l is divided by 7 + z + 0 + 2.
8
Let k = -4 - -21. Suppose -3*b + 0*b = -5*n + 16, -b + 4*n = k. What is the remainder when 7 is divided by b?
1
Calculate the remainder when (-23)/(-1)*1 - -2 is divided by 2*(45/2)/5.
7
Suppose -525 + 71 = -5*y - h, y - h - 86 = 0. What is the remainder when y is divided by 23?
21
Let n be 10/45 + 250/9. Suppose n = g + g. What is the remainder when g is divided by 5?
4
Let l(u) = -6*u**2 + 0*u**3 + 2 + u - 3*u**3 - 2*u + 2*u**3. Let p be l(-4). Let x = 36 + p. What is the remainder when x is divided by 4?
2
Suppose 3*f - 3*z - 5 = 10, 5*z + 25 = -2*f. Let n = f + 24. What is the remainder when -1 + -1 + (n - 5) is divided by 5?
2
Let f = 6 - 0. Let u(v) = -v + 4 - v**3 + 2*v**2 + 0*v**2 - 3*v**2. What is the remainder when f is divided by u(0)?
2
Suppose -3 - 11 = -u. Suppose 0 = -3*z + 4*w + 97, -3*w = -10*z + 5*z + 147. What is the remainder when z is divided by u?
13
Suppose -11*h + 5 = -10*h, o - 18 = -3*h. What is the remainder when 27 is divided by o?
0
Suppose 3*z - 3 - 35 = -4*o, o + 29 = 2*z. Calculate the remainder when 18 is divided by z.
4
Suppose 32 = 2*l + 2. Suppose -d - 2*d + 6 = 0. Suppose -2*i + 4*o + 6 = -d, 2 = o. What is the remainder when l is divided by i?
7
Suppose 5*v = 2*w - 24, 4*w - 2 = 3*v + 18. Suppose -2*d - w*q + 14 = 2*d, 0 = -2*d - 5*q + 19. What is the remainder when 5 is divided by d?
1
Suppose 4*r = -4*l + 4, l - 5*r - 5 = -2*r. Suppose -3*v - 4*n + 16 = -45, l*v - 5*n - 10 = 0. Calculate the remainder when 42 is divided by v.
12
What is the remainder when 47 is divided by 28 + -18 - (2 + -2)?
7
Suppose 4*d = -t - 17, -4*d + 6 = 3*t + 17. Suppose 2*v + t*l - 33 = -v, 0 = 4*v + 3*l - 41. Calculate the remainder when 8 is divided by (-15)/2*v/(-12).
3
Let c = 41 - 24. What is the remainder when 101 is divided by c?
16
Suppose -4*s + 3*g = 36 - 201, -5*g = 15. Calculate the remainder when s is divided by 10.
9
Suppose -5*f = -4*a - 12, -4 = -4*f + 12. Suppose -16 - 6 = -a*u. What is the remainder when 29 is divided by u?
7
Let k(b) = b**2 + 2*b - 4. Let h = 6 - 10. Calculate the remainder when 10 is divided by k(h).
2
Let i(j) = -j**2 - 16*j - 15. Calculate the remainder when i(-9) is divided by 14.
6
Suppose -5*g = -44 + 9. Let f = 12 - 8. Suppose -111 = -5*o - f*b, 3*o - 21 = b + 32. Calculate the remainder when o is divided by g.
5
Suppose 0 = 2*h + 2*h - 4. Calculate the remainder when 2 is divided by (-2 - -2)/(-3) + h.
0
Let v(d) = -d**2 - 18*d - 17. What is the remainder when v(-13) is divided by 13?
9
Let s = -31 - -24. Let p = s + 30. Calculate the remainder when p is divided by ((-6)/5)/(3/(-20)).
7
Suppose 0 = 10*h - 3*h - 105. Calculate the remainder when h is divided by 10.
5
Suppose 45 = 4*d - 5*l, -l = -4*d + 20 + 5. Let k(p) = -5*p + d + 0 - 1 - 5. What is the remainder when k(-3) is divided by 5?
4
Suppose -4*i - 10 = -5*p, 2*p + 3*i - 4 = -2*i. Suppose -d + 12 = -h, -p*d + 4*h + 15 + 11 = 0. Calculate the remainder when 26 is divided by (-1)/(1/2) + d.
8
Suppose 0 = 4*o - 2*o + 12. Let t = o + 21. Calculate the remainder when t is divided by 8.
7
Let h(s) = -56*s - 14. Let d(a) = -a - 11*a + 0 + a - 3. Let l(c) = 16*d(c) - 3*h(c). What is the remainder when l(-4) is divided by 9?
8
Let x(h) = 6*h - 14. Calculate the remainder when 19 is divided by x(4).
9
Let n be (1/2)/(6/(-48)). Let a(i) = -3*i. What is the remainder when 47 is divided by a(n)?
11
Suppose 4*l - 5*d = -2*d + 74, -5*l + 5*d = -95. What is the remainder when 50 is divided by l?
16
Let j(t) = -t**3 + t. Let l be j(0). Suppose 5*h - 68 - 22 = l. What is the remainder when 1 + (-2)/(2/(-33)) is divided by h?
16
Let j = 230 - 221. What is the remainder when 20 is divided by j?
2
Let g be (4/8)/(1/2). What is the remainder when 47 - ((1 - 4) + g) is divided by 242/14 - 2/7?
15
Let l(t) = -t**3 - 24*t**2 + 3. What is the remainder when 4 is divided by l(-24)?
1
Suppose -h + 3 + 6 = 0. What is the remainder when 53 is divided by h?
8
Let x be (-201)/(-6) - (-1)/(-2). Suppose -3*b = -2*j + 4 - x, 2*b = 3*j + 26. Calculate the remainder when 12 is divided by b.
5
Let i = -113 - -225. What is the remainder when i is divided by 29?
25
Let g(t) = t - 7. Let b be g(7). Let p = b - 5. Let a = -1 - p. What is the remainder when 7 is divided by a?
3
Let u = 132 + -55. Calculate the remainder when u is divided by 16.
13
Let d be 11/(11/60) + -1. Suppose -2*z - 17 + d = 0. Let v = z + -11. What is the remainder when v is divided by 4?
2
Let t(k) = 3*k + 9. Let n be 2/(0 + 2/8). What is the remainder when t(n) is divided by 17?
16
Suppose -4 = 4*b - 32. Let i(z) = z**3 - 8*z**2 + 8*z + 1. Let d be i(b). Calculate the remainder when (-411)/(-12) + (-2)/d is divided by 12.
10
Let q(h) = 4*h**2 + 3*h + 1. Let v = 8 - 3. Let b = 3 - v. Calculate the remainder when q(b) is divided by 6.
5
Suppose -74 = -3*o - 5*y, 0*y + 76 = 2*o - 2*y. What is the remainder when o is divided by 9?
6
Let v(n) = n**3 - 9*n**2 + 10*n - 7. Let o be v(8). What is the remainder when -45*(-3)/(o/2) is divided by 11?
8
Calculate the remainder when 46 is divided by (-2)/(1 - (-9)/(-8)).
14
Suppose 0*i + 2*i + 14 = -4*s, -3*s = -5*i + 30. Suppose -a + 124 = i*a. Let t = 38 - 27. Calculate the remainder when a is divided by t.
9
Let p(s) = s**3 + 2*s**2 - 4*s + 11. Calculate the remainder when p(0) is divided by 3.
2
Suppose 0 = -5*h - 4*z + 37, -4*z = -2*h + 2 - 4. Suppose h = 2*k + 1. Let p = 11 - 9. What is the remainder when k is divided by p?
0
Let j be 2 + -2 - 6/3. Let i = -12 - j. What is the remainder when 14 is divided by (-48)/i + (-2)/(-10)?
4
Calculate the remainder when 48 is divided by 1/1 - -26 - 2.
23
Suppose -4*v + 9*v = 190. Suppose 4*p + 0*f - 122 = 2*f, -p + v = -2*f. Calculate the remainder when p is divided by 10.
8
What is the remainder when (-624)/(-3) - (1 - 1) is divided by 53?
49
Let l(p) = 1 + 1 + p**2 + 3*p - 2. What is the remainder when 29 is divided by l(-5)?
9
Suppose 3*u + 2*t - 33 = 76, -3*t + 15 = 0. Let c = u - 21. Calculate the remainder when 35 is divided by c.
11
Let a be (-3)/(-6)*1*36. Let d = a + -11. Calculate the remainder when 25 is divided by d.
4
Let w(f) = f + 42. What is the remainder when w(0) is divided by 15?
12
Let z = -38 - -60. Calculate the remainder when z is divided by 12.
10
Let k(r) = r - 1. Calculate the remainder when 18 is divided by k(8).
4
Let q(h) = 12*h**3 + 3*h**2 + 4*h + 1. Let l(u) = 11*u**3 + 2*u**2 + 3*u + 1. Let w(g) = -6*l(g) + 5*q(g). Calculate the remainder when w(-2) is divided by 19.
17
Let n(v) = -v**3 + 11*v**2 - 4*v + 8. Let y(l) = l**3 - 10*l**2 + 5*l - 7. Let z(g) = 3*n(g) + 4*y(g). Calculate the remainder when 15 is divided by z(6).
7
Let z be (-4 - -2) + 2 